he tens digit of 3604?
0
What is the thousands digit of 2271?
2
What is the tens digit of 901?
0
What is the thousands digit of 1788?
1
What is the tens digit of 1192?
9
What is the tens digit of 4058?
5
What is the tens digit of 92888?
8
What is the units digit of 351?
1
What is the units digit of 268?
8
What is the units digit of 90766?
6
What is the tens digit of 13738?
3
What is the tens digit of 254?
5
What is the hundreds digit of 7277?
2
What is the hundreds digit of 3325?
3
What is the units digit of 6538?
8
What is the hundreds digit of 2128?
1
What is the units digit of 1255?
5
What is the tens digit of 4971?
7
What is the units digit of 994?
4
What is the units digit of 210?
0
What is the hundreds digit of 3494?
4
What is the thousands digit of 46913?
6
What is the tens digit of 778?
7
What is the tens digit of 1553?
5
What is the tens digit of 6169?
6
What is the units digit of 13219?
9
What is the thousands digit of 13400?
3
What is the tens digit of 7234?
3
What is the thousands digit of 1783?
1
What is the tens digit of 44038?
3
What is the hundreds digit of 378?
3
What is the tens digit of 14688?
8
What is the units digit of 1938?
8
What is the thousands digit of 2206?
2
What is the tens digit of 997?
9
What is the tens digit of 1954?
5
What is the tens digit of 10272?
7
What is the tens digit of 1187?
8
What is the thousands digit of 10803?
0
What is the tens digit of 25633?
3
What is the hundreds digit of 129173?
1
What is the units digit of 750?
0
What is the ten thousands digit of 50979?
5
What is the units digit of 1636?
6
What is the hundreds digit of 54204?
2
What is the units digit of 31622?
2
What is the hundreds digit of 348?
3
What is the tens digit of 6103?
0
What is the units digit of 132595?
5
What is the ten thousands digit of 148944?
4
What is the tens digit of 13521?
2
What is the thousands digit of 32398?
2
What is the tens digit of 7840?
4
What is the thousands digit of 13772?
3
What is the hundreds digit of 2890?
8
What is the hundreds digit of 2400?
4
What is the thousands digit of 1173?
1
What is the hundred thousands digit of 188882?
1
What is the units digit of 285?
5
What is the hundreds digit of 2112?
1
What is the thousands digit of 2204?
2
What is the units digit of 168?
8
What is the thousands digit of 7468?
7
What is the tens digit of 393?
9
What is the tens digit of 5636?
3
What is the tens digit of 8096?
9
What is the thousands digit of 7117?
7
What is the ten thousands digit of 19792?
1
What is the units digit of 2087?
7
What is the hundreds digit of 6539?
5
What is the hundreds digit of 66257?
2
What is the thousands digit of 45499?
5
What is the units digit of 1280?
0
What is the thousands digit of 13179?
3
What is the units digit of 80552?
2
What is the tens digit of 1644?
4
What is the tens digit of 2546?
4
What is the thousands digit of 1372?
1
What is the tens digit of 3102?
0
What is the tens digit of 1517?
1
What is the thousands digit of 25158?
5
What is the thousands digit of 3523?
3
What is the thousands digit of 15250?
5
What is the units digit of 12928?
8
What is the hundreds digit of 116740?
7
What is the hundreds digit of 6968?
9
What is the thousands digit of 43109?
3
What is the tens digit of 21789?
8
What is the tens digit of 500?
0
What is the units digit of 74577?
7
What is the thousands digit of 6726?
6
What is the hundreds digit of 37285?
2
What is the tens digit of 214?
1
What is the units digit of 9568?
8
What is the hundreds digit of 57509?
5
What is the tens digit of 812?
1
What is the hundreds digit of 25904?
9
What is the thousands digit of 5722?
5
What is the units digit of 407?
7
What is the tens digit of 1117?
1
What is the units digit of 68184?
4
What is the units digit of 281?
1
What is the thousands digit of 2682?
2
What is the tens digit of 32190?
9
What is the units digit of 20210?
0
What is the tens digit of 2158?
5
What is the tens digit of 5974?
7
What is the thousands digit of 79138?
9
What is the thousands digit of 1480?
1
What is the hundreds digit of 2140?
1
What is the units digit of 4581?
1
What is the thousands digit of 6852?
6
What is the hundreds digit of 317?
3
What is the tens digit of 12389?
8
What is the units digit of 1512?
2
What is the tens digit of 56316?
1
What is the thousands digit of 3011?
3
What is the hundreds digit of 1928?
9
What is the thousands digit of 179523?
9
What is the thousands digit of 47684?
7
What is the units digit of 18263?
3
What is the ten thousands digit of 10912?
1
What is the tens digit of 21002?
0
What is the thousands digit of 21261?
1
What is the thousands digit of 26819?
6
What is the hundreds digit of 873?
8
What is the hundreds digit of 1847?
8
What is the tens digit of 5924?
2
What is the thousands digit of 20020?
0
What is the ten thousands digit of 34178?
3
What is the units digit of 381?
1
What is the ten thousands digit of 27956?
2
What is the tens digit of 31146?
4
What is the tens digit of 1765?
6
What is the hundreds digit of 753?
7
What is the tens digit of 854?
5
What is the hundreds digit of 385?
3
What is the tens digit of 13170?
7
What is the hundreds digit of 727?
7
What is the tens digit of 407?
0
What is the hundreds digit of 737?
7
What is the tens digit of 74701?
0
What is the hundreds digit of 1420?
4
What is the units digit of 4376?
6
What is the hundreds digit of 7404?
4
What is the tens digit of 12408?
0
What is the hundreds digit of 2232?
2
What is the units digit of 195?
5
What is the hundreds digit of 112599?
5
What is the units digit of 5409?
9
What is the hundreds digit of 13303?
3
What is the units digit of 557?
7
What is the hundreds digit of 199?
1
What is the units digit of 2977?
7
What is the thousands digit of 19677?
9
What is the tens digit of 3840?
4
What is the units digit of 2818?
8
What is the ten thousands digit of 12758?
1
What is the tens digit of 3790?
9
What is the thousands digit of 15258?
5
What is the thousands digit of 1780?
1
What is the tens digit of 1124?
2
What is the units digit of 1215?
5
What is the thousands digit of 5267?
5
What is the thousands digit of 14741?
4
What is the hundreds digit of 1435?
4
What is the ten thousands digit of 189318?
8
What is the ten thousands digit of 27912?
2
What is the hundreds digit of 96911?
9
What is the hundreds digit of 580?
5
What is the thousands digit of 3021?
3
What is the units digit of 178343?
3
What is the tens digit of 2561?
6
What is the thousands digit of 2576?
2
What is the units digit of 9692?
2
What is the units digit of 84867?
7
What is the hundreds digit of 27595?
5
What is the hundreds digit of 5873?
8
What is the hundreds digit of 178264?
2
What is the units digit of 7425?
5
What is the units digit of 4642?
2
What is the tens digit of 26538?
3
What is the hundreds digit of 2089?
0
What is the hundreds digit of 957?
9
What is the units digit of 8308?
8
What is the hundreds digit of 391?
3
What is the tens digit of 888?
8
What is the hundreds digit of 825?
8
What is the tens digit of 5943?
4
What is the hundreds digit of 7981?
9
What is the thousands digit of 13169?
3
What is the tens digit of 5476?
7
What is the hundreds digit of 25895?
8
What is the units digit of 13109?
9
What is the tens digit of 12670?
7
What is the ten thousands digit of 19160?
1
What is the tens digit of 1609?
0
What is the hundreds digit of 6156?
1
What is the units digit of 1033?
3
What is the thousands digit of 4430?
4
What is the tens digit of 8271?
7
What is the thousands digit of 8805?
8
What is the hundreds digit of 47612?
6
What is the thousands digit of 4479?
4
What is the units digit of 6443?
3
What is the hundreds digit of 7633?
6
What is the tens digit of 366?
6
What is the units digit of 8795?
5
What is the hundreds digit of 3985?
9
What is the hundreds digit of 27001?
0
What is the hundreds digit of 498?
4
What is the hundreds digit of 1718?
7
What is the tens digit of 8901?
0
What is the ten thousands digit of 59512?
5
What is the hundreds digit of 52662?
6
What is the tens digit of 1213?
1
What is the units digit of 24585?
5
What is the hundreds digit of 1012?
0
What is the thousands digit of 27636?
7
What is the tens digit of 66247?
4
What is the units digit of 17593?
3
What is the hundreds digit of 123584?
